 is the hundred thousands digit of 1603608?
6
What is the hundred thousands digit of 2122405?
1
What is the hundred thousands digit of 466068?
4
What is the tens digit of 8893951?
5
What is the hundred thousands digit of 750753?
7
What is the millions digit of 6553861?
6
What is the tens digit of 11402292?
9
What is the hundred thousands digit of 1995587?
9
What is the hundred thousands digit of 1606581?
6
What is the units digit of 329417?
7
What is the ten thousands digit of 548058?
4
What is the hundreds digit of 433255?
2
What is the ten thousands digit of 1354962?
5
What is the thousands digit of 102991?
2
What is the tens digit of 9335678?
7
What is the ten thousands digit of 7573792?
7
What is the tens digit of 137122?
2
What is the hundreds digit of 8634388?
3
What is the ten thousands digit of 591473?
9
What is the millions digit of 1109108?
1
What is the millions digit of 8524452?
8
What is the ten thousands digit of 22179900?
7
What is the units digit of 8294094?
4
What is the units digit of 14957216?
6
What is the thousands digit of 331960?
1
What is the tens digit of 1779266?
6
What is the thousands digit of 127166?
7
What is the thousands digit of 432660?
2
What is the hundreds digit of 804685?
6
What is the ten thousands digit of 1203597?
0
What is the ten thousands digit of 65520?
6
What is the units digit of 3232077?
7
What is the tens digit of 68690?
9
What is the tens digit of 20613?
1
What is the hundreds digit of 12545355?
3
What is the hundred thousands digit of 285725?
2
What is the ten thousands digit of 120487?
2
What is the units digit of 43330?
0
What is the hundreds digit of 379031?
0
What is the thousands digit of 4382588?
2
What is the millions digit of 7182900?
7
What is the tens digit of 132420?
2
What is the thousands digit of 2806235?
6
What is the units digit of 7168044?
4
What is the units digit of 264165?
5
What is the millions digit of 3206489?
3
What is the units digit of 128560?
0
What is the units digit of 337676?
6
What is the ten thousands digit of 135091?
3
What is the units digit of 784554?
4
What is the units digit of 32363294?
4
What is the units digit of 4590872?
2
What is the hundreds digit of 87993?
9
What is the thousands digit of 5714623?
4
What is the thousands digit of 2890399?
0
What is the millions digit of 6329150?
6
What is the hundred thousands digit of 550908?
5
What is the units digit of 1195896?
6
What is the ten thousands digit of 140032?
4
What is the units digit of 5299611?
1
What is the ten thousands digit of 157400?
5
What is the ten thousands digit of 525925?
2
What is the thousands digit of 52244?
2
What is the thousands digit of 4359557?
9
What is the hundreds digit of 963512?
5
What is the thousands digit of 163170?
3
What is the hundred thousands digit of 4885855?
8
What is the thousands digit of 2356690?
6
What is the hundreds digit of 6920993?
9
What is the tens digit of 47934?
3
What is the hundred thousands digit of 894628?
8
What is the hundred thousands digit of 384692?
3
What is the hundred thousands digit of 376874?
3
What is the hundred thousands digit of 17905630?
9
What is the hundred thousands digit of 10957744?
9
What is the units digit of 693898?
8
What is the millions digit of 1187792?
1
What is the millions digit of 6432039?
6
What is the hundreds digit of 1926631?
6
What is the tens digit of 23942548?
4
What is the hundred thousands digit of 1111909?
1
What is the hundred thousands digit of 143265?
1
What is the ten thousands digit of 82414?
8
What is the hundred thousands digit of 9242994?
2
What is the tens digit of 1711541?
4
What is the hundreds digit of 6582775?
7
What is the tens digit of 348592?
9
What is the hundreds digit of 11524570?
5
What is the hundred thousands digit of 7409786?
4
What is the ten thousands digit of 13175183?
7
What is the units digit of 492790?
0
What is the millions digit of 9708141?
9
What is the units digit of 166316?
6
What is the thousands digit of 10789146?
9
What is the hundreds digit of 150161?
1
What is the hundreds digit of 109392?
3
What is the tens digit of 2435502?
0
What is the ten thousands digit of 860764?
6
What is the hundreds digit of 598058?
0
What is the hundreds digit of 973834?
8
What is the tens digit of 514379?
7
What is the ten thousands digit of 303041?
0
What is the tens digit of 2986606?
0
What is the millions digit of 2303093?
2
What is the tens digit of 1303527?
2
What is the tens digit of 1161411?
1
What is the units digit of 205439?
9
What is the hundreds digit of 376471?
4
What is the units digit of 1784?
4
What is the millions digit of 6266666?
6
What is the units digit of 126472?
2
What is the hundreds digit of 2208623?
6
What is the hundreds digit of 26106658?
6
What is the thousands digit of 714327?
4
What is the units digit of 3798479?
9
What is the thousands digit of 2551406?
1
What is the hundred thousands digit of 2395139?
3
What is the hundreds digit of 154098?
0
What is the tens digit of 380992?
9
What is the ten thousands digit of 21522490?
2
What is the hundred thousands digit of 107972?
1
What is the ten thousands digit of 652632?
5
What is the hundreds digit of 6446140?
1
What is the units digit of 7584564?
4
What is the ten thousands digit of 216807?
1
What is the hundreds digit of 15791205?
2
What is the tens digit of 185258?
5
What is the ten thousands digit of 3610657?
1
What is the units digit of 1556646?
6
What is the thousands digit of 21441914?
1
What is the units digit of 1205507?
7
What is the tens digit of 42140448?
4
What is the millions digit of 4846776?
4
What is the units digit of 185435?
5
What is the ten thousands digit of 25635?
2
What is the thousands digit of 415491?
5
What is the hundreds digit of 2302134?
1
What is the thousands digit of 654535?
4
What is the thousands digit of 9403842?
3
What is the units digit of 8346494?
4
What is the ten thousands digit of 195678?
9
What is the ten thousands digit of 28149240?
4
What is the hundred thousands digit of 3560909?
5
What is the hundreds digit of 126466?
4
What is the tens digit of 59625?
2
What is the tens digit of 75631?
3
What is the ten thousands digit of 274614?
7
What is the tens digit of 4017227?
2
What is the hundreds digit of 5009346?
3
What is the tens digit of 17342946?
4
What is the hundred thousands digit of 327459?
3
What is the hundreds digit of 154832?
8
What is the ten thousands digit of 1075535?
7
What is the tens digit of 3654?
5
What is the millions digit of 1761331?
1
What is the hundreds digit of 1498169?
1
What is the hundred thousands digit of 2258117?
2
What is the hundreds digit of 636812?
8
What is the hundred thousands digit of 12001002?
0
What is the millions digit of 7451685?
7
What is the units digit of 11078452?
2
What is the thousands digit of 159777?
9
What is the millions digit of 2452822?
2
What is the thousands digit of 245000?
5
What is the hundred thousands digit of 9588302?
5
What is the units digit of 9614852?
2
What is the millions digit of 20682338?
0
What is the thousands digit of 468284?
8
What is the hundred thousands digit of 656770?
6
What is the hundred thousands digit of 20901454?
9
What is the tens digit of 706835?
3
What is the ten thousands digit of 2082195?
8
What is the thousands digit of 160796?
0
What is the hundred thousands digit of 1723456?
7
What is the tens digit of 767791?
9
What is the tens digit of 1951424?
2
What is the hundred thousands digit of 10657861?
6
What is the hundred thousands digit of 738589?
7
What is the tens digit of 25330296?
9
What is the units digit of 90063?
3
What is the hundred thousands digit of 443302?
4
What is the ten millions digit of 18314138?
1
What is the tens digit of 142161?
6
What is the hundreds digit of 473249?
2
What is the thousands digit of 660024?
0
What is the ten thousands digit of 40736?
4
What is the millions digit of 1385497?
1
What is the hundreds digit of 7133907?
9
What is the ten thousands digit of 292087?
9
What is the units digit of 9324?
4
What is the ten millions digit of 28363928?
2
What is the thousands digit of 523749?
3
What is the tens digit of 132418?
1
What is the thousands digit of 334353?
4
What is the tens digit of 2425218?
1
What is the tens digit of 931921?
2
What is the hundre